11 - -23. Calculate the remainder when b(-4) is divided by w.
8
Let d(p) = 2*p**2 + 3*p + 2. Let t(z) = 5*z + 22. What is the remainder when t(4) is divided by d(-3)?
9
Let v(m) = -m**2 - 5*m - 1. Let p be 17/5 + (-14)/35. Suppose 0 = p*y - 1 - 5. Calculate the remainder when v(-4) is divided by y.
1
Let g = -45 - -101. Calculate the remainder when g is divided by 19.
18
Suppose -3 + 14 = u. Let w(l) = 5*l**3 + 2*l - 1. Calculate the remainder when u is divided by w(1).
5
Let n(t) = 12*t**2 - 10*t - 4. Calculate the remainder when n(-3) is divided by 46.
42
Let k be (-3)/(3 + -2 + -2). Suppose -k*q + 2*q = -7. Calculate the remainder when q is divided by 2.
1
Suppose 3*x - 3*u = 135, 0 = 3*x - 0*u + u - 155. Suppose -4*o + 186 = x. What is the remainder when o is divided by 12?
10
Suppose -3*i = -40 - 47. Calculate the remainder when i is divided by 11.
7
Let y(p) = p**2 - 4*p - 7. Let u(c) = -c**3 + 4*c**2 + 6*c + 2. Let v be u(5). What is the remainder when 54 is divided by y(v)?
12
Suppose 0*c + 54 = 3*c. Suppose -r + c = r. What is the remainder when 33 is divided by r?
6
Let m be 1*((-10)/(-2) + -3). Suppose 0*v - 24 = -m*v. Calculate the remainder when 34 is divided by v.
10
Let f = -23 + 49. What is the remainder when 50 is divided by f?
24
Let n be 0/(1 - (1 + 1)). Suppose 4*b + 37 - 141 = n. What is the remainder when b is divided by 14?
12
Suppose 8*r + 28 = 10*r. Calculate the remainder when r is divided by 5.
4
Let u(q) = q**3 + 8*q**2 - q - 10. Let v be u(-8). Calculate the remainder when 79/4 + v/(-8) is divided by (-4)/(-22) - (-476)/44.
9
Let y be (-2)/(-5) - 36/(-10). Suppose -y*w = -2 - 18. Let l(u) = -2*u**3 - u**2 - 2*u - 3. What is the remainder when l(-2) is divided by w?
3
Let o be 5*(-2 - (-28)/20). What is the remainder when 27 is divided by 1 - o - (-18)/6?
6
Let n(t) = -11*t + 7. What is the remainder when n(-9) is divided by 27?
25
Let o(a) = -a + 5. What is the remainder when 58 is divided by o(-7)?
10
Let x be (-1)/(3/(6*-1)). Suppose 5*k - 87 = -0*k + 3*j, 4*k = x*j + 70. Calculate the remainder when 1 + 33 + -2 + 2 is divided by k.
16
Suppose -4*m + 416 = -2*s + 6*s, 0 = 4*m - s - 441. Calculate the remainder when m is divided by 28.
25
Suppose 3*t = -4*n - 24, 4*n - 24 = 3*t + 5*n. Let q = t - -15. Suppose 13 = 5*y - q. What is the remainder when 11 is divided by y?
3
Let l = 23 + -12. Suppose 4*x - 26 = 3*c, 3*x + x = -c + 18. Suppose 0 = -j, -2*r + 0*r + 8 = x*j. Calculate the remainder when l is divided by r.
3
Let g = 30 - -3. Let m be 2896/40 - (-4)/(-10). Suppose -4*l = -w - m, 5*w + 105 = 4*l + l. Calculate the remainder when g is divided by l.
16
Suppose -5*q + 4*f + 83 = 0, -3*f + 0*f = -q + 10. Calculate the remainder when 56 is divided by q.
18
Let a(o) = o + 21. Suppose 0 = 6*b - 4*b + 3*m + 9, 3*b = -2*m - 6. Calculate the remainder when a(0) is divided by (-11 - b)/((-1)/1).
10
Calculate the remainder when 32 is divided by (-4)/10 - (-705)/75.
5
Let g(u) = 4*u**3 + u. Let s = -9 + 15. Suppose -f = -s*f + 10. Calculate the remainder when g(1) is divided by f.
1
Suppose 0 = 2*g, 5*x = 4*g - 3*g + 20. Calculate the remainder when 26 is divided by x.
2
Let g(w) = -17*w. Calculate the remainder when -2 + -51*(-3 + 2) is divided by g(-1).
15
Suppose 0*g - 64 = -4*g. What is the remainder when g is divided by 9?
7
Suppose -5*d + 75 = 5. Calculate the remainder when 25 is divided by d.
11
Calculate the remainder when ((-22)/(-6))/(4/36) is divided by 7.
5
Calculate the remainder when (-30)/(-4)*(-4 + (-64)/(-12)) is divided by 3.
1
Suppose 33 = 3*n - 3*h, -n = 3*n - 5*h - 40. Calculate the remainder when n is divided by 10.
5
Let q(r) = r**3 - 7*r**2 + 7*r - 5. Let f = -39 - -45. Suppose f*v - 3 - 3 = 0. Calculate the remainder when q(6) is divided by v.
0
Let d(t) = -t - 1. Let z be d(-4). Suppose r = -z*r + 16. Suppose k + 46 = r*g, k + 10 + 3 = g. What is the remainder when 21 is divided by g?
10
Let k be 1/3*18/1. What is the remainder when (3/(-6))/(1/(-20)) is divided by 3 + 3/k*2?
2
Suppose -j + 8 = -76. Suppose 0 = i - 5*i + j. Calculate the remainder when i is divided by 202/18 - -5*(-4)/90.
10
Let o(a) = -a**3 - 8*a**2 - 8*a. Let k = 4 - 4. Suppose k = -4*z + 14 - 42. Calculate the remainder when 19 is divided by o(z).
5
Let a(x) = -18*x**3 + x + 1. Suppose -4*y - f + 7 = 0, 2*y - 4*f = -y + 10. Let z be -2 - (-1)/y*2. What is the remainder when 52 is divided by a(z)?
16
Let j(f) = 4*f**2 + 2*f + 1. Let y = 48 - 8. Calculate the remainder when y is divided by j(2).
19
Let l = 47 - 19. Calculate the remainder when 76 is divided by l.
20
Suppose 2*b + 2*w - 16 = 0, b + 26 = 3*b - 3*w. What is the remainder when 37 is divided by b?
7
Let q(n) = 8*n**2 - 3*n - 5. Let o be q(-2). Let v = 52 - o. What is the remainder when 74 is divided by v?
17
Let d be (-1 - 6/(-3)) + -37. Let m = -26 - d. Let a(v) = 11*v - 3. What is the remainder when a(2) is divided by m?
9
Calculate the remainder when (-854)/(-7) - (-1 + -1) is divided by 5.
4
Let m(p) = -p**3 - 3*p**2 - 2*p + 2. What is the remainder when m(-3) is divided by ((-6)/10)/((-2)/20)?
2
Suppose 5*t + 541 = 1. What is the remainder when t/(-4) - (1 - -1) is divided by 13?
12
Let w(o) = 4*o**2 + 29*o + 25. Let c(u) = u**2 + 10*u + 8. Let b(m) = 7*c(m) - 2*w(m). Calculate the remainder when 32 is divided by b(11).
15
Suppose -d = -46 - 29. Let h = d + -48. What is the remainder when h is divided by 7?
6
Suppose -3*t + 11 = -25. Suppose j - w + 3*w - t = 0, -50 = -5*j - 5*w. Calculate the remainder when (-1)/(-3) - 76/(-6) is divided by j.
5
Calculate the remainder when 48 is divided by 56/(8/2) - 4.
8
Suppose 0 = 6*l - l - 10. Suppose -l*m + 6*m - 88 = 0. What is the remainder when m is divided by 12?
10
Suppose -n + 5 = -9. What is the remainder when 55 is divided by n?
13
Suppose 0 = 18*n - 13*n - 645. Calculate the remainder when n is divided by 12.
9
Suppose -2*v - 16 = -4*v. Calculate the remainder when 23 is divided by v.
7
Suppose -8*v - 128 = -24*v. Let u(x) = -x**3 - x + 14. Let c be u(0). Suppose 2*l - 14 = c. What is the remainder when l is divided by v?
6
Let c be 549/63 + (-2)/(-7). Let w = c + -2. Calculate the remainder when 19 is divided by w.
5
Let w = -13 - -8. What is the remainder when (-207)/w - 16/40 is divided by 21?
20
Suppose 3*m - 5*a - 89 = 0, 2*m - 4*m = a - 81. Calculate the remainder when m is divided by 10.
8
Suppose -4*s + 13 = -19. Suppose 2*y = 5*t - 120, -y + 2*y + 115 = 5*t. Calculate the remainder when t is divided by s.
6
Suppose 0*s = 3*s. Suppose s = 5*z - 5*j + 2*j + 42, -j = 5*z + 26. Calculate the remainder when (z - -7)/(2/50) is divided by 9.
7
Suppose 5*a + 31 = -29. Let w(m) = -m - 1. What is the remainder when w(a) is divided by 7?
4
Suppose -9*v + 1192 + 428 = 0. Calculate the remainder when v is divided by 61.
58
Suppose -33 = -i - 5*j, -5*i + 224 = -i - 3*j. Suppose 2*w = 5*o + i, 2*o = -0*w + 5*w - 101. What is the remainder when w is divided by 7?
5
Suppose 4*u - 322 + 94 = -3*m, -285 = -5*u + 2*m. Let v be 1/4 + (-2)/8. Suppose 3*o = -v*o + u. Calculate the remainder when 36 is divided by o.
17
Let d = 7 - 10. Let z be (d/(-9))/(3/36). Suppose 0*m - 4*c + z = 3*m, 9 = 3*m + 3*c. Calculate the remainder when 22 is divided by m.
6
Let i(m) be the first derivative of 5*m**3/3 - m**2/2 + 4*m + 7. What is the remainder when i(2) is divided by 8?
6
Suppose -o - 239 = -3*h, -h - 2*h = 5*o - 263. What is the remainder when h is divided by 21?
18
Let m = -10 - -36. Let k(w) = -15*w + 5. Calculate the remainder when k(-3) is divided by m.
24
Suppose 2*q - 26 - 36 = 0. Calculate the remainder when q is divided by 9.
4
Calculate the remainder when 15/(((-3)/(-10))/(2/5)) is divided by 5.
0
Let j = -16 + 7. Let f = j - -12. What is the remainder when 8 is divided by f?
2
Suppose -89 = -5*q - 2*p, 3*q - 2*p - 32 = 15. Calculate the remainder when q is divided by 4.
1
Let j(i) = i - 1. Let n be j(1). Suppose n = -c + 5 - 0. What is the remainder when 14 is divided by c?
4
Let u = 119 - 109. What is the remainder when 26 is divided by u?
6
Suppose -4*n + 3 + 3 = 3*h, 4*h + 20 = 4*n. Let s(y) = 24*y**2 - 3*y - 1. What is the remainder when s(h) is divided by 26?
23
Let u(a) = -15*a - 28. Let q = 10 + -4. Calcula